. Calculate the greatest common factor of a and l.
6
Suppose -3*w - 123 = -4*b, -2*b - w = -3*w - 64. Let u(i) = -i**3 + i**2 + 7*i + 3. Let t be u(-3). What is the highest common factor of b and t?
9
Let t(m) = m**3 - 10*m**2 + 4*m - 18. Let h be t(10). Let y = 17 - -13. Let s = y - 19. Calculate the greatest common factor of s and h.
11
Suppose 0 = -4*b + 5*p + 79, -45 - 41 = -4*b - 2*p. Let n be 1/(3 + (-60)/b). Calculate the greatest common factor of 63 and n.
7
Let t(m) = -7*m - 7. Let h be t(-5). Suppose -s - 3*s - h = 0. Let k = 14 + s. Calculate the greatest common factor of 28 and k.
7
Suppose 5*r - 3*c + 13 = 0, -c + 11 = -4*r + 2*c. Let t be r - -2 - 1 - -76. Let k be ((-4)/(-3))/(5/t). Calculate the greatest common factor of k and 50.
10
Let j(r) = r - 3. Let u be j(6). Let d(g) = -g**3 + 7*g**2 + 8*g + 15. Let k be d(8). Calculate the greatest common divisor of u and k.
3
Let y(k) = -6*k + 3. Let r be y(7). Let o = -14 - r. Suppose -3*x + o = 2*x. What is the greatest common factor of 5 and x?
5
Let d = 9 - 2. Suppose -q + 3*i + 13 = -39, -5*q = -3*i - 248. What is the greatest common divisor of q and d?
7
Let l = 96 - 56. Calculate the highest common factor of l and 20.
20
Suppose 24 = r - 5*k, 25 + 17 = 5*r + k. Suppose 3*h - 14 = o + 48, 0 = h - 4*o - 17. Let w = h - r. Calculate the greatest common factor of w and 132.
12
Suppose -12 = -4*k - d - 0*d, -3*k + 16 = -d. Suppose 3*i - 67 = k*x - 8*x, 3*x - 3*i = 66. What is the greatest common factor of 95 and x?
19
Let b(h) = h**3 - 6*h**2 + 4*h - 12. Let o be b(6). Calculate the highest common factor of o and 96.
12
Let w be ((-5)/15)/((-1)/9). Suppose 2*n - 4*p = -0*n + 18, -n - 2*p = w. What is the greatest common divisor of n and 1?
1
Let a = 7 + 33. Calculate the highest common factor of a and 10.
10
Suppose 6*v = 3*v + 174. Let g be 6/9 - v/(-3). Calculate the highest common divisor of g and 10.
10
Let o be 216/14 - (-63)/(-147). Calculate the highest common divisor of o and 165.
15
Suppose -5*t = 2*z + 12, 5*t = 6*z - z + 30. Let y = 8 + z. Calculate the greatest common factor of y and 22.
2
Suppose 0 = -3*x - 4*p - 0*p + 11, -3*x = 2*p - 13. Suppose -i + x*i = 5*h + 345, i - 2*h = 84. Calculate the highest common factor of 9 and i.
9
Let i = -135 + 225. Suppose -35 - 15 = -5*x. What is the greatest common divisor of x and i?
10
Suppose -101 = -3*x - 20. What is the greatest common divisor of x and 135?
27
Suppose 2 = -d - 1. Let n = d + 8. What is the highest common divisor of n and 45?
5
Let i = 7 + -7. Suppose -4*o + o + 24 = i. Calculate the greatest common divisor of 32 and o.
8
Let x be (4 - 1)/((-6)/(-10)). Suppose 0 = -f - x*r, -f = -4*f - 4*r. Suppose f = 2*o - 0*o - 14. Calculate the highest common factor of o and 7.
7
Suppose -z = -3*a + 8, z + 2*a = a + 4. Let w be 1/z - (-5 + 0). Let d be (4/w)/((-1)/(-66)). Calculate the greatest common divisor of d and 4.
4
Suppose -31 - 5 = -2*t. Let d = -13 + t. Suppose c - d*r + 0 = -24, 11 = c + 2*r. What is the greatest common divisor of 7 and c?
1
Let h be (-30)/(-4) - (-3)/6. Suppose -m - h = -2*m. Calculate the greatest common divisor of 20 and m.
4
Suppose -5*a + 2*c + 26 = 0, -3*a + 2*c - 11 = -29. Let z(g) = g**3 + 18*g**2 + 16. Let j be z(-18). Calculate the highest common divisor of a and j.
4
Suppose 4*z + 0 + 4 = 0, 4*z - 20 = -4*v. Calculate the highest common divisor of v and 18.
6
Let s(p) = p. Let i be s(2). Let t = i - 1. Let v = 15 - 10. What is the highest common divisor of v and t?
1
Let s = 127 + 48. Suppose -14*x + 7*x = -175. Calculate the greatest common divisor of s and x.
25
Let t = -260 + 266. Let g be (-25)/(-2) - (-2)/(-4). Calculate the greatest common divisor of t and g.
6
Suppose -2*s = -3*s + 20. Calculate the highest common divisor of 160 and s.
20
Let v = 71 + -64. What is the highest common divisor of v and 49?
7
Suppose -2*t = 2*t - 8. Suppose t*z = 24 + 130. Suppose -2*o + 11 = -o. Calculate the greatest common divisor of o and z.
11
Let w be (-1 - -3)*1 + -5 + 4. What is the highest common factor of 10 and w?
1
Suppose -5*v + 44 - 4 = 0. Calculate the highest common divisor of v and 72.
8
Let b(a) = a**3 - 13*a**2 + 2*a - 18. Let j be b(13). Let g(n) = -6*n - 4. Let l be g(-4). What is the greatest common divisor of j and l?
4
Let z be 224/36 + 1 + 2/(-9). What is the highest common factor of 49 and z?
7
Suppose 4*q - 560 = 552. Let y = q - 142. Calculate the highest common divisor of 17 and y.
17
Let g(k) = 6*k**3 + k**2 - k - 1. Let f be g(-1). Let n be 1/((5/(-12))/f). What is the greatest common divisor of 72 and n?
12
Let f be (1 - 15)/(2/(-2)). Let z = -102 + 163. Suppose -3*v = -v - 5*y - z, v - 30 = 2*y. Calculate the highest common divisor of v and f.
14
Let b(h) = -h**3 - 5*h**2 + 6*h + 6. Let s be b(-6). Let d = s - 5. Calculate the highest common divisor of 9 and d.
1
Let d(u) = u**2 + u - 2. Suppose 6 = -2*v + 2. Let z be d(v). Suppose z = 4*m + 37 - 97. What is the greatest common factor of m and 30?
15
Suppose -3*t + 1 + 23 = 0. Suppose -2*y = -5*y + 135. Suppose -44 = -4*n - 4*d, -5*d = -3*n + 28 + y. Calculate the greatest common divisor of t and n.
8
Suppose -5*g = 5, 0 = -a + 3*g + 5. Suppose 0 = a*y - 5 - 1. What is the highest common factor of 3 and y?
3
Suppose -496 + 202 = -2*y. Calculate the greatest common factor of y and 21.
21
Let y = -41 - -23. Let w = 31 + y. Suppose -2*n = -3*n + 3*c + w, -4*c - 15 = n. What is the greatest common factor of n and 3?
1
Let z = -4 + 17. Let b be (-36)/5*75/(-6). Let k = b - 38. What is the highest common divisor of z and k?
13
Let d(f) = f**2 + 2*f + 2. Let r be d(-5). Let o be (6/4)/((-17)/(-578)). What is the greatest common factor of o and r?
17
Suppose 3*y + 0*y - 183 = 0. Let i = y + -42. Calculate the highest common factor of 19 and i.
19
Let m = -29 + 49. Suppose -5 = a - m. Let i = -2 - -8. Calculate the greatest common factor of i and a.
3
Suppose -6 = -d + 24. Let t be 90/14 - (-9)/(-21). Let v be (t - 1)*(2 - -1). What is the greatest common factor of v and d?
15
Suppose -18 = 2*m - 58. Calculate the highest common divisor of 80 and m.
20
Suppose -2*p - 18 = -2*h, -2*h + 14 = -4*p + 4. Suppose -g - 2*d = 3*g - 220, 8 = -2*d. Let t = g + -31. What is the highest common divisor of t and h?
13
Let z(y) = 9*y - 2. Let q(n) = 5*n - 1. Let w(t) = 11*q(t) - 6*z(t). Let a be w(5). Calculate the greatest common divisor of a and 18.
6
Let k = 22 - 13. Let m = 8 - 5. Suppose 9*b = 4*a + 5*b - 16, -m*b = 3*a - 42. What is the greatest common divisor of a and k?
9
Let d = -7 - -12. Let s = 14 + -9. Suppose c + 3*x + 17 = 5*c, 2*x - 27 = -s*c. What is the highest common factor of c and d?
5
Let k = -3 + 5. Let w be (-9)/(-6)*k/1. Let f be (-9)/(-6)*2/1. What is the highest common divisor of f and w?
3
Let y = -29 + 40. What is the greatest common divisor of y and 11?
11
Suppose 3*z - 2*p - 27 = 15, -p - 51 = -4*z. Let s(n) = -n**3 + 10*n**2 - 8*n + 21. Let j be s(9). Calculate the highest common divisor of j and z.
6
Let g(x) = 95*x**2 - 2*x. Let v be g(1). Calculate the highest common divisor of v and 62.
31
Let k(y) = -y**3 - 2*y**2 - 4*y + 4. Let r be k(-5). Let j be 5/4 - (-2)/(-8). Let v be 12*j - (3 + -2). What is the greatest common divisor of v and r?
11
Suppose -4*i - 36 = -7*s + 2*s, 2*i - 4 = -3*s. Let r be -192*s/(-6) + -2. What is the highest common divisor of r and 14?
14
Suppose -2*z - 1 = 4*g - 5, -2*g = -2*z + 4. Calculate the highest common divisor of z and 14.
2
Let n(y) = y**2 - y + 1. Let t be n(4). Suppose 0 = m - t - 7. Suppose 4*f = -2*j + 564, 69 = 3*f + 2*j - 355. What is the greatest common divisor of f and m?
20
Let o = -204 + -17. Let l = 356 + o. Calculate the greatest common factor of 27 and l.
27
Let u = 84 - 64. Suppose -2*y = 3*w - 20, 0 = -0*y + 5*y - 2*w - 50. Calculate the highest common factor of y and u.
10
Let w be (-42)/8*40/(-3). What is the greatest common factor of w and 10?
10
Suppose 0*z + 160 = 2*z. Calculate the greatest common divisor of z and 48.
16
Let x(c) = -c + 13. Let g be x(10). Suppose 12 = g*b - b. What is the greatest common factor of b and 2?
2
Suppose 4*m - 24 = 24. Suppose -8 = -5*l + 7. Suppose 17 + 1 = l*s. Calculate the greatest common factor of m and s.
6
